he greatest common factor of w and 162?
6
Suppose 0 = 4*t - 0*b - b - 197, -2*t = -2*b - 94. Let v = -67 + 76. Suppose 8*q = 71 + v. Calculate the greatest common factor of t and q.
10
Let r = -69 - -139. What is the highest common divisor of r and 252?
14
Suppose 0 = 6*p + 37 - 55. Calculate the highest common divisor of p and 159.
3
Let v(k) = -k + 1. Let g be v(-7). Let x(s) = -s + 11. Let y be x(10). Let u be 2*(0 + y - 0). Calculate the highest common divisor of u and g.
2
Let g be 24/40*-4*-5. What is the greatest common divisor of 84 and g?
12
Suppose -1756 = 6*j - 2044. Calculate the highest common divisor of j and 80.
16
Let n be (0 - -1)/((1 + 5)/18). Suppose 0*j - 33 = -n*j. What is the highest common divisor of j and 44?
11
Let g(f) = 4*f - 51. Let q be g(16). What is the greatest common divisor of q and 169?
13
Suppose -660 = -36*z + 26*z. What is the greatest common factor of z and 6?
6
Let s(v) = -v**2 + 11*v + 4. Suppose -56 = -5*x - 1. Let m be s(x). Calculate the highest common divisor of m and 10.
2
Let q(w) = -w + 52. Let j be q(15). Suppose 2*i - 5 = j. What is the greatest common factor of 168 and i?
21
Let v(b) = -b**3 + 4*b**2 + 14*b - 3. Suppose r - 33 = -5*n, 4*n + 0*r = -2*r + 30. Let t be v(n). Calculate the greatest common divisor of t and 9.
9
Suppose 5*y = 272 + 268. What is the greatest common divisor of 189 and y?
27
Suppose -19*k + 364 = -3892. What is the highest common factor of 512 and k?
32
Let s = 2264 - 2126. Calculate the highest common factor of s and 506.
46
Suppose -12*k + 7*k - 126 = -3*i, -4*k = 4*i - 168. Calculate the greatest common factor of i and 42.
42
Let c be 3/(-2)*12/(-9). Let h(j) = -j**2 - 29*j + 133. Let m be h(-33). Calculate the greatest common divisor of c and m.
1
Suppose 4420 = -4*w - 13*w. Let t = w - -458. What is the greatest common divisor of t and 22?
22
Suppose 48*q = -o + 43*q + 45, o - q = 27. What is the highest common factor of o and 20?
10
Let s be (-14)/((-1 - -5)/4). Let p be (s/(-3))/(7/105). Suppose 12 = 5*h - 128. What is the greatest common factor of h and p?
14
Let b(f) = -2*f - 16 - f + 18. Let c be b(-1). Suppose 355 = 3*k - c*x, x + 3*x = 2*k - 240. What is the highest common factor of 44 and k?
22
Suppose -3*u + 1158 = 1128. What is the highest common factor of u and 335?
5
Suppose -36 = -5*h + x + 20, -3*h + 40 = x. Calculate the greatest common divisor of h and 60.
12
Suppose -8*g + 4*g = 0. Suppose g = c - 21 - 18. Let k = c - 12. Calculate the highest common divisor of k and 81.
27
Suppose -2*g + 3 = 5*z, 4*g - 7 = -5*z + g. Let r be ((20/(-50))/(2/20))/z. What is the highest common factor of 18 and r?
2
Suppose 0 = -3*u + 821 + 478. Suppose -u = -3*x + y, -4*x - x + 4*y + 724 = 0. Suppose 2*s - 20 - 12 = 0. Calculate the highest common factor of s and x.
16
Let a(d) = 2*d**2 + 56*d - 199. Let i be a(-32). Suppose 0 = -3*y - 5*p + 32, 0 = -3*y + 5*p + 49 + 33. Calculate the greatest common factor of y and i.
19
Suppose -8*k - 915 = 181. Let c = -100 - k. What is the highest common factor of c and 185?
37
Let c = -20 - -25. Suppose -g - c*y = -25, -3*y = -4*g + g + 3. Suppose -2*n + 7 = 3*u - 2*u, 0 = g*n - 5. Calculate the greatest common factor of u and 40.
5
Let j(m) = m**2 + 6*m + 17. Let k be 51/(-9) + 2/3. Let g be j(k). What is the greatest common factor of g and 4?
4
Suppose -l = -f + 2*f - 119, 598 = 5*f + 2*l. What is the greatest common divisor of f and 800?
40
Let u = -64 + 56. Let v(c) = 2*c**2 - 7*c - 8. Let f be v(u). Calculate the greatest common factor of f and 16.
16
Suppose 8*g - 408 - 104 = 0. What is the highest common divisor of g and 4?
4
Suppose -8*d - 2 = -9*d. Suppose -2*n - 22 = -4*x + 4, -34 = -5*x + d*n. Let b be 40/(-16)*x/(-10). Calculate the highest common divisor of 2 and b.
2
Let i = -296 + 882. What is the greatest common factor of 2 and i?
2
Let z(d) = 2*d - 7. Let i be z(5). Suppose w = -1 + i. Let g be (w - -8)*(-17)/(-2). Calculate the highest common factor of 34 and g.
17
Let r(j) = -j + 10. Let w be r(-10). Let y = -27 + 29. Suppose 2 = y*g - 18. What is the greatest common factor of w and g?
10
Let y(u) = u**2 - 3*u + 3. Let s be y(3). Let f be 15 - 7/((-7)/s). What is the greatest common factor of 6 and f?
6
Suppose -o - 4*z = 13, -z + 4*z + 21 = 3*o. Suppose 5*j - 50 = 5*g - 15, 0 = -5*j + 4*g + 36. Let l = o + j. What is the greatest common divisor of l and 55?
11
Let j = -1102 - -1126. What is the greatest common factor of j and 152?
8
Let f = 3 - -2. Let x(s) = 10*s**2 - 2*s. Let y be x(1). Let v be 4/(-1) + y - -16. What is the greatest common factor of f and v?
5
Let z = -30 - -142. Calculate the highest common divisor of z and 280.
56
Let i(s) = s**2 + 18*s + 10. Let y be i(9). What is the highest common factor of y and 11?
11
Let t be 90/27*(-18)/(-5). Let q = t + -8. Suppose q*z = -2*l + 8*z + 304, l = z + 148. Calculate the greatest common factor of 16 and l.
16
Suppose 3*v = 3*j + 1200, -4*v + 2*j + 401 = -3*v. Calculate the greatest common factor of 42 and v.
21
Let b = 57 - -75. Let r = b - 114. Calculate the greatest common divisor of r and 72.
18
Suppose -3*u + 33 - 9 = 0. Let i = 38 - 30. What is the greatest common factor of u and i?
8
Let q(y) = 3*y**2 + 18*y + 41. Let a be q(-4). Calculate the highest common divisor of 952 and a.
17
Suppose 245 = 5*u - 0*u + 3*i, 3*u = -4*i + 136. What is the highest common divisor of u and 52?
52
Let w(m) = 10*m**2 - 7*m + 1. Let x be (-6)/(-27) - 244/(-36). Let i be w(x). Suppose 5*a + 92 - i = 0. What is the greatest common factor of 28 and a?
14
Suppose 354 = 3*u - 4*q - 2505, 2*u = -2*q + 1920. Calculate the highest common divisor of 33 and u.
33
Let q(a) = -3*a - 12. Let j be q(-11). Suppose 4*d - j = -5. Suppose -d*x = -2*v - 18, -6*x + 2*x + 21 = -5*v. What is the highest common divisor of 8 and x?
4
Let y = 5 - -28. Suppose -y = -2*t - t. Suppose 2*b + 3*b = 165. Calculate the highest common factor of t and b.
11
Let f(w) = w**3 - 8*w**2 + 4*w - 4. Let o be f(8). Let u(y) = -y**3 + 7*y**2 + 2*y - 10. Let m be u(7). Calculate the highest common factor of o and m.
4
Suppose -16 = u + 4*f - 0*f, -5*u + 5*f + 45 = 0. Suppose -14 = -10*m - u. Calculate the highest common factor of m and 1.
1
Let w = 7 + 6. Suppose -325 = -2*n - 3*n. What is the greatest common factor of w and n?
13
Let t(r) = 2*r**2 + 22*r + 88. Let y be t(-6). Calculate the greatest common divisor of y and 168.
28
Let b be (-8)/(4/1) - -28. Let t be 1172/9 + (-8)/36. What is the highest common factor of b and t?
26
Let j = 228 + -222. What is the greatest common divisor of j and 480?
6
Let s(k) = 34*k + 12. Let q be s(2). Suppose -b = j + 4*b - q, -5*j + 480 = 5*b. What is the greatest common factor of j and 20?
20
Let v(g) = 3*g**2 - 50*g - 196. Let f be v(28). What is the highest common divisor of 24 and f?
12
Let m be ((-2)/1 - (-80)/32)*34. Let v be 170*5/20*2. Calculate the greatest common factor of v and m.
17
Let g = -49 + 322. What is the highest common factor of 21 and g?
21
Let u be 4346/6 - (-305)/183. Calculate the highest common divisor of u and 66.
66
Suppose 2*z = -35*z + 925. What is the highest common factor of 75 and z?
25
Let h = 2022 + -2004. Calculate the highest common factor of h and 19.
1
Suppose -2*d = 5*d - 5*d. Suppose -4*n - 140 = -4*s, d*n - 4*n = 5*s - 130. Calculate the greatest common divisor of s and 10.
10
Let o = -18 - -15. Let d = 20 + o. Let z(t) = 18*t**2 + 2*t + 1. Let h be z(-1). What is the highest common factor of d and h?
17
Let w(l) = 13*l**3 - 5*l - 6. Let y be w(3). What is the highest common factor of 198 and y?
66
Let y(r) = -r**2 + 17*r - 30. Let c be y(10). Calculate the highest common factor of 30 and c.
10
Suppose 0 = 9*q + 124 - 1501. Calculate the highest common divisor of q and 36.
9
Let a = -18 + 39. Let q be 792/2*2/4. Let k = q + -93. What is the highest common factor of k and a?
21
Suppose 84 = -4*z + 4*u, -2*u = -z - 23 - 1. Let c(w) = 179*w**2 + 1. Let g be c(1). Let n be 4/z + g/81. What is the highest common divisor of n and 2?
2
Suppose -2*k + k - 103 = -3*b, 0 = 4*b - 3*k - 139. Let m(p) = 4*p**2 - 27*p - 121. Let x be m(15). What is the highest common divisor of b and x?
34
Suppose 0 = i + 2, 0 = -5*z + 5*i - 70 + 230. W